what is -14610304 + 1?
-14610303
In base 9, what is -268510 + -4621?
-274231
In base 5, what is 12432421303 - 0?
12432421303
In base 9, what is -52 - 258380?
-258442
In base 7, what is -351623 - -2163?
-346430
In base 11, what is -4 - 325698?
-3256a1
In base 10, what is 130 + 18225?
18355
In base 13, what is 3 - -777527b?
7775281
In base 6, what is -21432110 + -140?
-21432250
In base 4, what is 31311213 - -3020?
31320233
In base 16, what is -3c63079 - 4?
-3c6307d
In base 8, what is -42354 - -17420?
-22734
In base 2, what is -1010010111010000001000100 - -1?
-1010010111010000001000011
In base 13, what is 143a26b - -121?
143a38c
In base 11, what is 87382 + 59?
87430
In base 11, what is a0679 - 2?
a0677
In base 16, what is b + 13c951?
13c95c
In base 13, what is 2172 + 13ca?
356c
In base 16, what is 0 + ae01df?
ae01df
In base 5, what is 12420 + 1200344?
1213314
In base 7, what is 20120 + 130332?
150452
In base 13, what is 364563 - -16?
364579
In base 9, what is 31 + 12165062?
12165103
In base 16, what is -106ab - 29?
-106d4
In base 11, what is 4 - 13993737?
-13993733
In base 6, what is 3304 - -425434?
433142
In base 6, what is 122 - 102035533?
-102035411
In base 2, what is -11100110110010 + -10101100?
-11101001011110
In base 10, what is -772 - 211057?
-211829
In base 8, what is 3062156 + 6?
3062164
In base 11, what is 791416 + -123?
7912a3
In base 14, what is -509 - 34a5?
-39b0
In base 12, what is -3 - 106139b6?
-106139b9
In base 8, what is -730323 - 1643?
-732166
In base 4, what is 10203002101 + -11223?
10202330212
In base 3, what is -120002111102121120 + -2?
-120002111102121122
In base 8, what is -271541 + 127?
-271412
In base 3, what is -122012212121020 - -111?
-122012212120202
In base 4, what is 12321130302 - 1?
12321130301
In base 8, what is 1420 + -53607?
-52167
In base 16, what is d + -15bd6da?
-15bd6cd
In base 10, what is -4108121 - -112?
-4108009
In base 6, what is -451133 + 143?
-450550
In base 10, what is -2 - -23680330?
23680328
In base 10, what is 307 + -18256?
-17949
In base 11, what is 40643 - 58?
40596
In base 6, what is 5435312 + 115?
5435431
In base 11, what is -3939 + 564?
-3385
In base 3, what is 12021 - -122222021112?
122222110210
In base 9, what is -4 - -3442053?
3442048
In base 14, what is 342136 + 39?
342171
In base 5, what is -310 - -1110303024?
1110302214
In base 4, what is -33301030 + 33232?
-33201132
In base 10, what is 14273 + -11666?
2607
In base 16, what is 10640 - -21b1?
127f1
In base 10, what is -22332701 - -3?
-22332698
In base 7, what is -223 - 6021?
-6244
In base 11, what is -2381923 + -69?
-2381991
In base 13, what is -1464a + -3?
-14650
In base 6, what is 114433 - -211453?
330330
In base 13, what is 51155 + -63?
510c2
In base 14, what is 1166c - -dd3?
12661
In base 9, what is -8123020 - -214?
-8122705
In base 6, what is -4 + 310434244?
310434240
In base 4, what is 13311 - 1010323?
-331012
In base 4, what is 3 - -100110131201310?
100110131201313
In base 8, what is 2 - 14111306?
-14111304
In base 14, what is -44 + c1ab9?
c1a75
In base 4, what is -1310120321322 + 3?
-1310120321313
In base 7, what is -642 + -243566?
-244541
In base 9, what is 23 - 4567378?
-4567355
In base 3, what is -220121221 - 20101022?
-1011000020
In base 13, what is 376 - 630c?
-5c66
In base 13, what is -90 - 353cb?
-3548b
In base 10, what is 89063 - -25?
89088
In base 9, what is 1677600 - -4?
1677604
In base 15, what is cb0e - 24?
cada
In base 13, what is a38 - 34408?
-336a0
In base 11, what is -2 + -71406976?
-71406978
In base 9, what is 12862 + -863?
11888
In base 15, what is 5020b + c5?
502d1
In base 6, what is -105403542 - 112?
-105404054
In base 10, what is 3379 - -149573?
152952
In base 4, what is -30323 - -110301211?
110210222
In base 4, what is -2222102012 + -31302?
-2222133320
In base 7, what is -1600 - -22021?
20121
In base 5, what is -1210111432 - 1110?
-1210113042
In base 15, what is 25034 + -2e86?
2209d
In base 13, what is -b503b9 + 3?
-b503b6
In base 8, what is -5 + 155106350?
155106343
In base 11, what is -128 - 12824?
-12951
In base 5, what is -1234431 - -240?
-1234141
In base 6, what is 31022 - -43305?
114331
In base 3, what is -201100021001 - -1101?
-201100012200
In base 15, what is -142b1 - 68?
-14329
In base 16, what is -b6 - -199e3?
1992d
In base 8, what is 603 + -44477?
-43674
In base 16, what is 134 + 19380?
194b4
In base 10, what is -53467967 + 2?
-53467965
In base 7, what is -13613 + 414445?
400532
In base 12, what is -3 - 19593278?
-1959327b
In base 12, what is 608 - -8624?
9030
In base 13, what is -4 - 1098925?
-1098929
In base 15, what is -11 + 45308b?
45307a
In base 16, what is -acb2 + -ec?
-ad9e
In base 11, what is -108 + 24821a?
248112
In base 2, what is -10100000101001 + -1001010111?
-10101010000000
In base 15, what is -132bda - -11?
-132bc9
In base 3, what is 102 + -110001012111010?
-110001012110201
In base 3, what is -2102 + -111222100121?
-111222110000
In base 9, what is -2143 - 230641?
-232784
In base 2, what is 1001000001011 - 101111011101111?
-100110011100100
In base 3, what is -2112120201221 - -2000?
-2112120122221
In base 10, what is -7529133 + -1?
-7529134
In base 10, what is -96 + 37294?
37198
In base 15, what is 38ed3 - 9?
38ec9
In base 9, what is 145867 + -877?
144880
In base 6, what is 1350243020 + -50?
1350242530
In base 8, what is 76721 + 6662?
105603
In base 6, what is -15005 - 1522?
-20531
In base 6, what is 15 - -213131312?
213131331
In base 2, what is -110011111 - 10001010001100?
-10010000101011
In base 4, what is 1130 + -23130321312?
-23130320122
In base 3, what is 12 - -201000012222102110?
201000012222102122
In base 2, what is -10 - 111101010011010001000011?
-111101010011010001000101
In base 3, what is 200202110202111 - 22?
200202110202012
In base 9, what is -11 - 12288761?
-12288772
In base 10, what is 1496708 + -68?
1496640
In base 4, what is 120111313 + 131202?
120303121
In base 16, what is -e4 - -1491b2?
1490ce
In base 11, what is -87149839 + -4?
-87149842
In base 16, what is acd81 + c?
acd8d
In base 13, what is -14cba1b0 - -3?
-14cba1aa
In base 12, what is -5b71 + -222b7?
-28268
In base 5, what is -2314 - -21002?
13133
In base 8, what is -5 - 12263116?
-12263123
In base 11, what is 152814 - 28?
152797
In base 15, what is -550ede2 + 5?
-550eddc
In base 7, what is -160454 + 2?
-160452
In base 7, what is 26632666 + -54?
26632612
In base 5, what is 243001413 + -112?
243001301
In base 12, what is -2 - 25759622?
-25759624
In base 3, what is -201 - -121110000122211?
121110000122010
In base 6, what is -1 - 213050325?
-213050330
In base 2, what is 1011101110010011111000 - -1101101?
1011101110010101100101
In base 12, what is 87 - 1b17474?
-1b173a9
In base 10, what is -1824875 - 8?
-1824883
In base 3, what is 1200020110211202 - 12?
1200020110211120
In base 10, what is 5 - 204431780?
-204431775
In base 13, what is -720b413 - -2?
-720b411
In base 6, what is -1 + -10003215043?
-10003215044
In base 5, what is -342110230 - -121?
-342110104
In base 14, what is -2b199c + -5?
-2b19a3
In base 10, what is 1548044 + -182?
1547862
In base 4, what is 101031 + 3203123?
3310220
In base 3, what is 221021000 + 102200?
221200200
In base 16, what is -9 - -48bf7cb?
48bf7c2
In base 12, what is -71218 - -10?
-71208
In base 3, what is -10220 - 20011001100?
-20011012020
In base 10, what is 1957 - 14953?
-12996
In base 11, what is 208387969 - 3?
208387966
In base 5, what is 3313 - -1330140?
1334003
In base 3, what is 221021 + 2001121201?
2002112222
In base 7, what is 4 + 64236556?
64236563
In base 13, what is -285a85b + -2?
-285a860
In base 2, what is -1011 + 1100110100101101011100111?
1100110100101101011011100
In base 7, what is -6631640 - 1?
-6631641
In base 10, what is -2 - -147803?
147801
In base 6, what is 3245221 + 121?
3245342
In base 15, what is 55 + a23b56?
a23bab
In base 14, what is 1 - 595a5?
-595a4
In base 12, what is 2 + 9b838bb?
9b83901
In base 13, what is 0 + b19c38?
b19c38
In base 15, what is 1e5 - -3478?
366d
In base 11, what is -50540 + -102?
-50642
In base 15, what is -36d664d + -2?
-36d6650
In base 3, what is 2200202112 - 11200?
2200120212
In base 8, what is -10465 - -43735?
33250
In base 3, what is -10 + -111210002020022201?
-111210002020022211
In base 7, what is 3102 - -462253?
465355
In base 3